-5*o - 4*i, -12*o + 4183 = -8*o + i. What are the prime factors of o?
3, 349
Let y(s) = s**2 - 6*s + 3. Let x(d) = 3*d**2 - 31*d + 5. Let l be x(10). List the prime factors of y(l).
2, 29
Suppose -17 = -g - 7. Suppose 6*i - g - 38 = 0. What are the prime factors of i?
2
Suppose 11*p = 8*p + 1017. What are the prime factors of p?
3, 113
Suppose 0*s = -5*s + 265. Let b = s + -22. List the prime factors of b.
31
Let s be 23 + 3/((-5)/2 + 1). Let b = s - 13. List the prime factors of b.
2
What are the prime factors of 1/(-3) + 1 - 184/(-12)?
2
What are the prime factors of 2292/14 + (-8)/(-28)?
2, 41
Let o(q) = -3*q - 5. Let t = 9 + -32. Let y = t - -20. List the prime factors of o(y).
2
Let o(j) = 2*j**2 - j. Let p be o(-1). Suppose -l = -p*u - 352, 2*u = -5*l + 1529 + 316. Suppose -5*m - 142 + l = 0. What are the prime factors of m?
3, 5
Let q be -1*77 + (-5)/(15/6). Let v = 145 + q. What are the prime factors of v?
2, 3, 11
Let a(r) be the third derivative of r**5/12 + r**4/12 - 5*r**3/6 - r**2. Let c be 4 + (-2 - -3) + 1*-2. What are the prime factors of a(c)?
2, 23
Let a(f) = f**3 + 19*f**2 + f + 22. Let g be a(-19). List the prime factors of 7*(g - (-3 - 2)).
2, 7
Suppose 9*u = 7*u - 6. Let p(c) = -16*c - 6. List the prime factors of p(u).
2, 3, 7
Let b(l) = l**2 + 35*l + 236. What are the prime factors of b(-39)?
2, 7
Suppose -2*p + 20 - 12 = 0. Suppose 3*s = -2*i + 238 + 63, -3*s - p*i = -311. List the prime factors of s.
97
Suppose -3*n = -6*n + 141. Let m = n + 101. What are the prime factors of m?
2, 37
Let l(j) = -j - 2. Let s be l(3). Let a = 11 + s. Suppose 0 = -7*k + a*k + 21. List the prime factors of k.
3, 7
Let d(x) = -57*x + 111*x - 63*x + 85. What are the prime factors of d(-21)?
2, 137
Suppose 19*s + 10230 = 69434. What are the prime factors of s?
2, 19, 41
Let c(s) = 10*s + 7. Let m be c(5). Let i = 74 - m. What are the prime factors of i?
17
Let f = 11 + -19. Let y = 209 + -224. Let n = f - y. List the prime factors of n.
7
Let g(r) = 3*r. Let b be g(7). Let d = 41 - b. Let x = d - 2. List the prime factors of x.
2, 3
Let n be (-819)/15 - 6/(-10). Let m = n - -116. What are the prime factors of m?
2, 31
Let v(m) = 11 - 9*m - 5*m - 19*m**2 + m**3 + 14*m**2. What are the prime factors of v(9)?
11, 19
Let n(t) be the second derivative of -t**5/20 - 4*t**4/3 - 10*t**3/3 - 7*t**2 + 2*t + 4. Let l be -4*(1 + 33/12). List the prime factors of n(l).
61
Let t = -20 + -20. Let u be (t/25)/((-6)/255). Let h = -20 + u. List the prime factors of h.
2, 3
What are the prime factors of 127082/20 + (-89)/890?
2, 3, 353
Let z(t) = t + 16. Let o be z(-12). Suppose o*a - 186 = 26. List the prime factors of a.
53
Let q be (0 - 3) + (0 - -119). Suppose -c + 5*t + 71 = 0, -2*c + q = -3*t + 6*t. List the prime factors of c.
61
Let j = -5 - -5. Suppose j*h = -3*h + 24. Let u = h - 4. What are the prime factors of u?
2
Let z(y) = -12*y**3 - y**2 - 3*y + 8. What are the prime factors of z(-4)?
2, 193
Let m(w) = 1. Let p(x) = -x - 5. Let a(h) = 4*m(h) + p(h). List the prime factors of a(-7).
2, 3
Suppose 0 = -4*l - 18 + 70. Suppose 395 = l*o - 1620. List the prime factors of o.
5, 31
Let c = 42 + -40. Suppose 2*g - 3*j = -j + 192, 4*g - 390 = -c*j. What are the prime factors of g?
97
Let q(k) = -20*k**3 - 2*k**2 + k + 1. Let s be q(3). Let t be (1 + s - -1) + 0. What are the prime factors of (-2)/(-5) + t/(-20)?
2, 7
Let w = -4 + 29. Let x = w - 19. List the prime factors of x.
2, 3
Let d = -66 - 25. Let a = 129 + d. Suppose 0*w + w - a = 0. List the prime factors of w.
2, 19
Let b be (-12)/10*35/14. Let x = 20 - b. List the prime factors of x.
23
Suppose 4*d + 1 = -23. Let f(h) = -51*h - 55. List the prime factors of f(d).
251
Suppose -2*y - 4*d + 4 = -6*y, 2*y - 10 = -d. Let u(j) = j**3 + 6*j**2 - j + 5. Let g be u(-5). Suppose 0 = y*t + 2*t - g. List the prime factors of t.
7
Suppose p - 662 = -134. What are the prime factors of p?
2, 3, 11
Let v be (-5)/(-15) - 14/(-3). Let q be (-1 - (-3 - -3)) + v. Suppose -3 = -3*x, 0*g + q*g = 3*x + 45. List the prime factors of g.
2, 3
Suppose -m - 17 = -f + 2*m, 4*m + 12 = -4*f. Suppose r = 1, f*r - 219 = -4*w + 51. Let g = w - 21. What are the prime factors of g?
2, 23
Let b = 429 + -294. List the prime factors of b.
3, 5
Suppose -13*r - 6 = -15*r. Suppose -r*g - 2*g = -625. List the prime factors of g.
5
Let n = 1810 + -1275. List the prime factors of n.
5, 107
Let y be -105*(-2)/6*-1. Let r = y - -50. List the prime factors of r.
3, 5
Suppose 3*s = 3*u - 705, 4*u - 3*s = 730 + 214. Suppose -4*j + 314 = -2*m, 3*j = 3*m - 5*m + u. List the prime factors of j.
79
Let n(p) = p + 3 - 6 + 1 + 7*p. Let i(c) = 3*c - 1. Let j(u) = 11*i(u) - 4*n(u). What are the prime factors of j(6)?
3
Suppose -4532 = 8*z - 45028. What are the prime factors of z?
2, 2531
Suppose -3*w - 109 = 4*i, 5*i - w = -93 - 48. Let f = i + 35. What are the prime factors of f?
7
Let h = -559 + 802. Let d = h + -119. List the prime factors of d.
2, 31
Suppose 0 = 7*t - 11*t - 16. What are the prime factors of ((-7)/(-3))/((-83)/21 - t)?
7
Let o(x) = -64*x**3 + x**2 + 6*x + 3. What are the prime factors of o(-2)?
3, 13
Let g(z) = -2*z + 8. Let o be g(4). Suppose o = 5*t + 7 + 283. Let l = t - -87. List the prime factors of l.
29
Let p(o) be the first derivative of 5*o**3/3 - 2*o**2 + 18*o - 35. What are the prime factors of p(5)?
3, 41
Let g(t) = 3*t**3 - t**2 + 1. Let i be g(-1). What are the prime factors of (3 - (4 + i))*(-155)/(-2)?
5, 31
List the prime factors of (14 + (-150)/(-18))/((-1)/(-48)).
2, 67
Let s be 23/(50/84 - (-12)/(-28)). Let l = 237 - s. List the prime factors of l.
3, 11
Let m(w) = -10*w + 10. Let j be m(-10). Suppose -2*i + j = i + 2*z, i - 32 = 4*z. What are the prime factors of i?
2, 3
Let r(f) be the first derivative of -f**3/3 - 17*f**2/2 - 15*f - 30. Suppose 0*l = -4*l - 60. What are the prime factors of r(l)?
3, 5
Suppose -3*r + 4*r - 14 = -5*g, 0 = 5*g - 2*r - 2. Suppose 0 = -2*a - g - 0. What are the prime factors of 42*(a/2 + 1)?
3, 7
Let c = 579 - 191. What are the prime factors of c?
2, 97
Let s(d) = 19*d**2 - 2*d - 1. Let h(x) = -x + 5. Let w be h(0). Suppose -1 + 6 = -w*j. What are the prime factors of s(j)?
2, 5
List the prime factors of (-2 - -4 - 1224/(-85))*195.
2, 3, 13, 41
Let s(r) = r**3 + 28*r**2 - 2*r + 13. What are the prime factors of s(-24)?
5, 11, 43
Let j(n) = 6*n**2 + 2*n - 2. What are the prime factors of j(6)?
2, 113
Let j be ((-6)/(-4) - 2)*2. Let d be 147 - (-1 - j/(-1)). Suppose -4*q + d = 5*i - 3*q, 5*q - 78 = -2*i. What are the prime factors of i?
29
Suppose 3*c - i - 34 = 0, 0*c - c + 2 = -5*i. Let g be ((-4)/c + 0)*-6. Suppose g*m = j + 1 + 9, -5*m + 40 = 5*j. List the prime factors of m.
2, 3
Let k be (-4)/(-6)*(-615)/10. List the prime factors of 0 - -2 - 5 - k.
2, 19
Let z = 1694 - 1209. List the prime factors of z.
5, 97
Let p(j) = 129*j**2 + 11*j - 12. List the prime factors of p(6).
2, 3, 29
Suppose -7*k + 3*k = h - 653, -2*k = 4*h - 2556. What are the prime factors of h?
7, 13
Suppose 5*b - 3*i = 111 + 522, -2*i - 2 = 0. Let y = b + -37. What are the prime factors of y?
89
Let h(w) = 178*w**2 + 3*w - 4. Let o(z) = -355*z**2 - 7*z + 9. Let b(u) = 9*h(u) + 4*o(u). What are the prime factors of b(-1)?
3, 61
Let d(j) = j**3 + 18*j**2 - 19*j + 4. Let i be d(-19). Suppose -4*m + m - 39 = -3*y, -5*y + i*m = -65. List the prime factors of y.
13
Suppose -284*y = -278*y - 4248. List the prime factors of y.
2, 3, 59
Let u be 20 - 0/(-2*1). Let y = -57 + 54. Let k = u + y. What are the prime factors of k?
17
Let d be -3 + -6 - (-4 - -2). Let x be 14/d - (-2 + -1). Let z(p) = 55*p - 3. What are the prime factors of z(x)?
2, 13
What are the prime factors of 1312*((-39)/6 + 4 - -3)?
2, 41
Suppose -3*r = 2*r + 520. Let z be (-3)/9 + r/12. What are the prime factors of (-3)/z + (-77)/(-3)?
2, 13
Suppose -68629 = -48*n + 31*n. What are the prime factors of n?
11, 367
Let n = 70 + 213. What are the prime factors of n?
283
Suppose s - 6*s = -10. Suppose -4*t - 10 = -2*g, 3*t = -s*g - 31 + 13. Let i(q) = 2*q**2 + 4*q + 5. What are the prime factors of i(t)?
3, 7
Let t(l) = 5*l**2 - 3*l - 3. Suppose 0 = -4*h - h + 15. Let z be t(h). Suppose 27 = 3*o - z. List the prime factors of o.
2, 5
Let r be 